inder when 1067 is divided by 9.
5
Calculate the remainder when 540 is divided by 4.
0
Calculate the remainder when 4056 is divided by 14.
10
What is the remainder when 3598 is divided by 72?
70
What is the remainder when 583 is divided by 43?
24
What is the remainder when 736 is divided by 296?
144
Calculate the remainder when 374 is divided by 15.
14
Calculate the remainder when 64 is divided by 14.
8
Calculate the remainder when 154 is divided by 8.
2
Calculate the remainder when 2126 is divided by 367.
291
What is the remainder when 7339 is divided by 1832?
11
Calculate the remainder when 347 is divided by 2.
1
What is the remainder when 557 is divided by 35?
32
Calculate the remainder when 290 is divided by 75.
65
What is the remainder when 378 is divided by 74?
8
What is the remainder when 207 is divided by 7?
4
Calculate the remainder when 1210 is divided by 45.
40
Calculate the remainder when 162 is divided by 3.
0
Calculate the remainder when 6416 is divided by 93.
92
Calculate the remainder when 16 is divided by 15.
1
What is the remainder when 230 is divided by 70?
20
What is the remainder when 1621 is divided by 230?
11
What is the remainder when 558 is divided by 26?
12
What is the remainder when 178 is divided by 45?
43
What is the remainder when 5077 is divided by 20?
17
What is the remainder when 257 is divided by 20?
17
Calculate the remainder when 7838 is divided by 9.
8
What is the remainder when 136 is divided by 36?
28
Calculate the remainder when 1318 is divided by 93.
16
What is the remainder when 168 is divided by 60?
48
What is the remainder when 166 is divided by 22?
12
Calculate the remainder when 1093 is divided by 19.
10
Calculate the remainder when 597 is divided by 15.
12
What is the remainder when 1159 is divided by 336?
151
What is the remainder when 325 is divided by 52?
13
What is the remainder when 442 is divided by 37?
35
What is the remainder when 64 is divided by 23?
18
What is the remainder when 116 is divided by 36?
8
What is the remainder when 347 is divided by 120?
107
What is the remainder when 218 is divided by 48?
26
What is the remainder when 295 is divided by 200?
95
Calculate the remainder when 152 is divided by 46.
14
What is the remainder when 94 is divided by 27?
13
Calculate the remainder when 22 is divided by 20.
2
Calculate the remainder when 295 is divided by 59.
0
What is the remainder when 1720 is divided by 114?
10
What is the remainder when 1013 is divided by 29?
27
Calculate the remainder when 710 is divided by 209.
83
What is the remainder when 8 is divided by 2?
0
Calculate the remainder when 26143 is divided by 63.
61
What is the remainder when 11280 is divided by 342?
336
Calculate the remainder when 92 is divided by 16.
12
What is the remainder when 211 is divided by 208?
3
Calculate the remainder when 14 is divided by 5.
4
What is the remainder when 1447 is divided by 79?
25
What is the remainder when 6202 is divided by 69?
61
Calculate the remainder when 3863 is divided by 38.
25
What is the remainder when 753 is divided by 5?
3
What is the remainder when 174 is divided by 93?
81
Calculate the remainder when 2683 is divided by 6.
1
Calculate the remainder when 676 is divided by 34.
30
What is the remainder when 256 is divided by 25?
6
What is the remainder when 235 is divided by 41?
30
What is the remainder when 120 is divided by 48?
24
Calculate the remainder when 534 is divided by 18.
12
Calculate the remainder when 157 is divided by 32.
29
What is the remainder when 212 is divided by 73?
66
What is the remainder when 770 is divided by 129?
125
Calculate the remainder when 544 is divided by 93.
79
Calculate the remainder when 1065 is divided by 41.
40
What is the remainder when 1167 is divided by 15?
12
What is the remainder when 42 is divided by 27?
15
Calculate the remainder when 340 is divided by 7.
4
Calculate the remainder when 934 is divided by 72.
70
Calculate the remainder when 172 is divided by 72.
28
What is the remainder when 3677 is divided by 9?
5
What is the remainder when 857 is divided by 33?
32
Calculate the remainder when 1079 is divided by 135.
134
Calculate the remainder when 3288 is divided by 11.
10
Calculate the remainder when 126 is divided by 19.
12
What is the remainder when 1033 is divided by 74?
71
Calculate the remainder when 40 is divided by 14.
12
Calculate the remainder when 1266 is divided by 27.
24
Calculate the remainder when 7013 is divided by 8.
5
What is the remainder when 22 is divided by 19?
3
What is the remainder when 1671 is divided by 93?
90
Calculate the remainder when 3022 is divided by 25.
22
What is the remainder when 583 is divided by 94?
19
What is the remainder when 2877 is divided by 16?
13
Calculate the remainder when 5426 is divided by 118.
116
Calculate the remainder when 433 is divided by 74.
63
Calculate the remainder when 5368 is divided by 30.
28
Calculate the remainder when 361 is divided by 37.
28
What is the remainder when 98 is divided by 59?
39
What is the remainder when 69 is divided by 5?
4
Calculate the remainder when 252 is divided by 36.
0
What is the remainder when 25 is divided by 7?
4
Calculate the remainder when 56 is divided by 21.
14
Calculate the remainder when 14318 is divided by 20.
18
Calculate the remainder when 358 is divided by 38.
16
Calculate the remainder when 6772 is divided by 3382.
8
Calculate the remainder when 41 is divided by 2.
1
What is the remainder when 2991 is divided by 34?
33
What is the remainder when 147 is divided by 58?
31
Calculate the remainder when 62 is divided by 14.
6
Calculate the remainder when 63 is divided by 14.
7
What is the remainder when 388 is divided by 56?
52
What is the remainder when 332 is divided by 88?
68
Calculate the remainder when 40 is divided by 20.
0
Calculate the remainder when 75 is divided by 16.
11
What is the remainder when 3074 is divided by 123?
122
What is the remainder when 21246 is divided by 332?
330
What is the remainder when 129 is divided by 39?
12
What is the remainder when 9592 is divided by 39?
37
Calculate the remainder when 1020 is divided by 50.
20
Calculate the remainder when 101 is divided by 19.
6
Calculate the remainder when 2787 is divided by 691.
23
Calculate the remainder when 9382 is divided by 68.
66
Calculate the remainder when 18 is divided by 12.
6
What is the remainder when 401 is divided by 60?
41
Calculate the remainder when 123 is divided by 64.
59
Calculate the remainder when 9414 is divided by 214.
212
Calculate the remainder when 3806 is divided by 7.
5
What is the remainder when 6290 is divided by 73?
12
What is the remainder when 154 is divided by 58?
38
Calculate the remainder when 104 is divided by 10.
4
Calculate the remainder when 780 is divided by 17.
15
What is the remainder when 75 is divided by 10?
5
What is the remainder when 469 is divided by 104?
53
What is the remainder when 262 is divided by 30?
22
What is the remainder when 34 is divided by 31?
3
Calculate the remainder when 327 is divided by 166.
161
What is the remainder when 2645 is divided by 42?
41
Calculate the remainder when 351 is divided by 117.
0
Calculate the remainder when 436 is divided by 22.
18
Calculate the remainder when 86 is divided by 22.
20
What is the remainder when 835 is divided by 219?
178
Calculate the remainder when 72 is divided by 45.
27
Calculate the remainder when 17978 is divided by 20.
18
What is the remainder when 195 is divided by 152?
43
Calculate the remainder when 54 is divided by 21.
12
Calculate the remainder when 2499 is divided by 14.
7
Calculate the remainder when 150 is divided by 90.
60
What is the remainder when 1989 is divided by 992?
5
Calculate the remainder when 237 is divided by 11.
6
Calculate the remainder when 234 is divided by 66.
36
What is the remainder when 1832 is divided by 1832?
0
What is the remainder when 45 is divided by 12?
9
Calculate the remainder when 431 is divided by 157.
117
Calculate the remainder when 397 is divided by 122.
31
What is the remainder when 205 is divided by 98?
9
Calculate the remainder when 117 is divided by 45.
27
Calculate the remainder when 208 is divided by 21.
19
What is the remainder when 352 is divided by 153?
46
Calculate the remainder when 136